are the prime factors of 31180509?
3, 1277, 2713
List the prime factors of 1065752.
2, 101, 1319
List the prime factors of 229653.
3, 17, 19, 79
What are the prime factors of 22004534?
2, 139, 79153
List the prime factors of 4931447.
71, 69457
What are the prime factors of 10097979?
3, 191, 17623
List the prime factors of 220562.
2, 110281
List the prime factors of 49946.
2, 13, 17, 113
List the prime factors of 1814194.
2, 23, 39439
List the prime factors of 5928338.
2, 13, 228013
What are the prime factors of 5914630?
2, 5, 461, 1283
List the prime factors of 771901.
13, 59377
List the prime factors of 2995001.
2995001
List the prime factors of 180862.
2, 11, 8221
What are the prime factors of 185898?
2, 3, 30983
List the prime factors of 3474636.
2, 3, 11, 2393
What are the prime factors of 8440924?
2, 179, 11789
List the prime factors of 13263422.
2, 191, 34721
What are the prime factors of 28293107?
47, 601981
What are the prime factors of 535499?
535499
What are the prime factors of 2373346?
2, 1186673
What are the prime factors of 301027?
301027
List the prime factors of 1546122.
2, 3, 257687
What are the prime factors of 3069974?
2, 229, 6703
List the prime factors of 4805536.
2, 263, 571
List the prime factors of 21149233.
7, 431617
What are the prime factors of 319573?
313, 1021
What are the prime factors of 1345?
5, 269
What are the prime factors of 280487?
280487
List the prime factors of 828944.
2, 103, 503
What are the prime factors of 1738736?
2, 271, 401
List the prime factors of 567517.
31, 18307
What are the prime factors of 6341428?
2, 47, 89, 379
List the prime factors of 2890542.
2, 3, 89, 5413
What are the prime factors of 230382?
2, 3, 12799
List the prime factors of 19132980.
2, 3, 5, 318883
What are the prime factors of 2193324?
2, 3, 7, 26111
List the prime factors of 446797.
13, 34369
What are the prime factors of 20371007?
181, 241, 467
What are the prime factors of 2795286?
2, 3, 13, 35837
List the prime factors of 437799.
3, 145933
List the prime factors of 14859223.
29, 73, 7019
List the prime factors of 10896.
2, 3, 227
List the prime factors of 124391.
53, 2347
What are the prime factors of 706501?
127, 5563
What are the prime factors of 954795?
3, 5, 53, 1201
List the prime factors of 182231.
7, 3719
List the prime factors of 33702847.
401, 84047
List the prime factors of 511011.
3, 56779
What are the prime factors of 8965941?
3, 2988647
List the prime factors of 904852.
2, 13, 17401
List the prime factors of 9738992.
2, 37, 16451
List the prime factors of 6992374.
2, 89, 163, 241
What are the prime factors of 510197?
29, 73, 241
What are the prime factors of 630541?
53, 11897
List the prime factors of 376406.
2, 53, 67
What are the prime factors of 1632300?
2, 3, 5, 5441
List the prime factors of 418746.
2, 3, 101, 691
What are the prime factors of 267895?
5, 131, 409
What are the prime factors of 221962?
2, 13, 8537
What are the prime factors of 138794?
2, 29, 2393
List the prime factors of 26416.
2, 13, 127
What are the prime factors of 896918?
2, 11, 59, 691
What are the prime factors of 2016135?
3, 5, 11, 4073
List the prime factors of 948941.
7, 31, 4373
What are the prime factors of 5139159?
3, 149, 11497
What are the prime factors of 3286681?
89, 36929
What are the prime factors of 26165243?
13, 2012711
What are the prime factors of 521714?
2, 260857
List the prime factors of 224088.
2, 3, 9337
List the prime factors of 9336681.
3, 345803
List the prime factors of 17595724.
2, 31, 41, 3461
List the prime factors of 94410.
2, 3, 5, 1049
List the prime factors of 366813.
3, 53, 769
What are the prime factors of 85016?
2, 10627
What are the prime factors of 193576?
2, 24197
What are the prime factors of 132790?
2, 5, 7, 271
What are the prime factors of 5312241?
3, 11, 23, 2333
What are the prime factors of 11357030?
2, 5, 1135703
List the prime factors of 1658989.
1658989
What are the prime factors of 478266?
2, 3, 79, 1009
What are the prime factors of 973610?
2, 5, 11, 53, 167
What are the prime factors of 149678?
2, 67, 1117
List the prime factors of 90403.
90403
List the prime factors of 16387001.
29, 565069
List the prime factors of 1769835.
3, 5, 117989
What are the prime factors of 943565?
5, 7, 26959
What are the prime factors of 15252806?
2, 31, 37, 61, 109
What are the prime factors of 5588086?
2, 7, 399149
What are the prime factors of 666694?
2, 7, 6803
What are the prime factors of 604988?
2, 151247
What are the prime factors of 1014143?
13, 181, 431
What are the prime factors of 11103657?
3, 19, 83, 2347
List the prime factors of 8295761.
19, 137, 3187
What are the prime factors of 1926158?
2, 13, 23, 3221
What are the prime factors of 2460406?
2, 13, 173, 547
List the prime factors of 156625.
5, 7, 179
What are the prime factors of 6634492?
2, 1658623
List the prime factors of 12714087.
3, 59, 109, 659
List the prime factors of 19658968.
2, 7, 351053
List the prime factors of 1017584.
2, 63599
What are the prime factors of 270238?
2, 135119
List the prime factors of 1853888.
2, 83, 349
List the prime factors of 337871.
337871
List the prime factors of 2941105.
5, 19, 83, 373
List the prime factors of 515816.
2, 7, 61, 151
List the prime factors of 1416314.
2, 239, 2963
What are the prime factors of 1238757?
3, 13, 23, 1381
What are the prime factors of 4289271?
3, 7, 204251
What are the prime factors of 2097654?
2, 3, 13, 26893
What are the prime factors of 152845?
5, 7, 11, 397
What are the prime factors of 1831968?
2, 3, 6361
List the prime factors of 1898259.
3, 11, 23, 41, 61
What are the prime factors of 9892342?
2, 229, 21599
What are the prime factors of 8369180?
2, 5, 418459
List the prime factors of 189869.
181, 1049
What are the prime factors of 1461050?
2, 5, 29221
List the prime factors of 45981.
3, 13, 131
List the prime factors of 322888.
2, 40361
List the prime factors of 2020297.
17, 23, 5167
List the prime factors of 11013280.
2, 5, 17, 4049
List the prime factors of 1031777.
89, 11593
List the prime factors of 393180.
2, 3, 5, 6553
What are the prime factors of 12302099?
71, 163, 1063
List the prime factors of 2244498.
2, 3, 374083
What are the prime factors of 714937?
29, 89, 277
List the prime factors of 657812.
2, 47, 3499
List the prime factors of 5235442.
2, 2617721
What are the prime factors of 2804683?
7, 59, 6791
What are the prime factors of 4800153?
3, 1600051
List the prime factors of 1383639.
3, 311, 1483
What are the prime factors of 571131?
3, 11, 641
What are the prime factors of 5038166?
2, 7, 359869
What are the prime factors of 899655?
3, 5, 37, 1621
List the prime factors of 48724.
2, 13, 937
List the prime factors of 768680.
2, 5, 11, 1747
List the prime factors of 262366.
2, 13, 10091
List the prime factors of 3423890.
2, 5, 342389
List the prime factors of 28324.
2, 73, 97
What are the prime factors of 1364616?
2, 3, 11, 1723
List the prime factors of 2911661.
53, 137, 401
What are the prime factors of 3980926?
2, 1990463
List the prime factors of 882858.
2, 3, 269, 547
List the prime factors of 362372.
2, 17, 73
What are the prime factors of 8038?
2, 4019
List the prime factors of 46585.
5, 7, 11
List the prime factors of 5890125.
3, 5, 113, 139
What are the prime factors of 359680?
2, 5, 281
What are the prime factors of 13407609?
3, 4469203
List the prime factors of 17493763.
7, 53, 61, 773
List the prime factors of 1812864.
2, 3, 4721
List the prime factors of 12096764.
2, 3024191
What are the prime factors of 6177968?
2, 101, 3823
What are the prime factors of 131495?
5, 7, 13, 17
List the prime factors of 363488.
2, 37, 307
List the prime factors of 17386786.
2, 19, 457547
List the prime factors of 362295.
3, 5, 83, 97
What are the prime factors of 45185545?
5, 743, 12163
What are the prime factors of 26812?
2, 6703
List the prime factors of 183429.
3, 89, 229
List the prime factors of 170125.
5, 1361
List the prime factors of 17665199.
1667, 10597
What are the prime factors of 6040455?
3, 5, 402697
What are the prime factors of 31293459?
3, 386339
What are the prime factors of 418898?
2, 209449
What are the prime factors of 923955?
3, 5, 31, 1987
What are the prime factors of 2620941?
3, 17, 3023
What are the prime factors of 4747629?
3, 